{"id":12651,"date":"2025-12-11T12:15:21","date_gmt":"2025-12-11T11:15:21","guid":{"rendered":"https:\/\/www.grainesdepaix.org\/team-members\/chloe-fevre-2\/"},"modified":"2026-02-02T10:11:16","modified_gmt":"2026-02-02T09:11:16","slug":"chloe-fevre","status":"publish","type":"team-member","link":"https:\/\/grainesdepaix.org\/en\/team-members\/chloe-fevre\/","title":{"rendered":"Chlo\u00eb F\u00e8vre"},"content":{"rendered":"\n<div class=\"wp-block-columns is-layout-flex wp-container-core-columns-is-layout-28f84493 wp-block-columns-is-layout-flex\">\n<div class=\"wp-block-column is-layout-flow wp-block-column-is-layout-flow\" style=\"flex-basis:333.333px\">\n\n\n<p class=\"backlink\"><strong><a href=\"#\">Back to the advisory board<\/a><\/strong><\/p>\n<\/div>\n\n\n\n<div class=\"wp-block-column is-vertically-aligned-bottom is-layout-flow wp-block-column-is-layout-flow\" style=\"flex-basis:666.666px\">\n<p><\/p>\n\n\n\n<h1 class=\"wp-block-heading\">Chlo\u00eb F\u00e8vre<\/h1>\n\n\n\n<h2 class=\"wp-block-heading has-global-primary-color has-text-color has-link-color has-medium-font-size wp-elements-1a3542c196718ecf5a123b50c85c2b0e\"><strong>Member of the Expert Advisory Board<\/strong><\/h2>\n\n\n\n<p>Dr. Chlo\u00eb F\u00e8vre is an international violence prevention specialist and advisor to governments and partner organizations.<br>As former Director of the global Safe to Learn initiative, she led a coalition of 14 institutions committed to integrating violence prevention into education systems. <\/p>\n\n\n\n<p>For over 20 years, she has worked on children&#8217;s rights, security and education across multilateral development banks (World Bank, Inter-American Development Bank), UN agencies, NGOs and research centers, with a consistent focus on integrating violence prevention strategies into public policies and education programs.<\/p>\n\n\n\n<p>She holds a PhD in development policy from University College London (UCL), UK.<\/p>\n<\/div>\n<\/div>\n\n\n\n<p><\/p>\n","protected":false},"excerpt":{"rendered":"<p>Chlo\u00eb F\u00e8vre Member of the Expert Advisory Board Dr. Chlo\u00eb F\u00e8vre is an international violence prevention specialist and advisor to [&hellip;]<\/p>\n","protected":false},"featured_media":0,"template":"","team-member-categories":[],"team-member-groups":[387],"class_list":["post-12651","team-member","type-team-member","status-publish","hentry","team-member-groups-conseil-fondation"],"acf":[],"yoast_head":"<!-- This site is optimized with the Yoast SEO plugin v27.4 - https:\/\/yoast.com\/product\/yoast-seo-wordpress\/ -->\n<title>Chlo\u00eb F\u00e8vre | Graines de Paix<\/title>\n<meta name=\"description\" content=\"Expert associated with Graines de Paix, contributing to the quality, effectiveness and impact of the Foundation\u2019s violence prevention and education initiatives.\" \/>\n<meta name=\"robots\" content=\"index, follow, max-snippet:-1, max-image-preview:large, max-video-preview:-1\" \/>\n<link rel=\"canonical\" href=\"https:\/\/grainesdepaix.org\/en\/team-members\/chloe-fevre\/\" \/>\n<meta property=\"og:locale\" content=\"en_US\" \/>\n<meta property=\"og:type\" content=\"article\" \/>\n<meta property=\"og:title\" content=\"Chlo\u00eb F\u00e8vre | Graines de Paix\" \/>\n<meta property=\"og:description\" content=\"Expert associated with Graines de Paix, contributing to the quality, effectiveness and impact of the Foundation\u2019s violence prevention and education initiatives.\" \/>\n<meta property=\"og:url\" content=\"https:\/\/grainesdepaix.org\/en\/team-members\/chloe-fevre\/\" \/>\n<meta property=\"og:site_name\" content=\"Fondation Graines de Paix\" \/>\n<meta property=\"article:publisher\" content=\"https:\/\/www.facebook.com\/grainesdepaix.int\/?locale=fr_FR\" \/>\n<meta property=\"article:modified_time\" content=\"2026-02-02T09:11:16+00:00\" \/>\n<meta name=\"twitter:card\" content=\"summary_large_image\" \/>\n<meta name=\"twitter:label1\" content=\"Est. reading time\" \/>\n\t<meta name=\"twitter:data1\" content=\"1 minute\" \/>\n<script type=\"application\/ld+json\" class=\"yoast-schema-graph\">{\"@context\":\"https:\\\/\\\/schema.org\",\"@graph\":[{\"@type\":\"WebPage\",\"@id\":\"https:\\\/\\\/grainesdepaix.org\\\/en\\\/team-members\\\/chloe-fevre\\\/\",\"url\":\"https:\\\/\\\/grainesdepaix.org\\\/en\\\/team-members\\\/chloe-fevre\\\/\",\"name\":\"Chlo\u00eb F\u00e8vre | Graines de Paix\",\"isPartOf\":{\"@id\":\"https:\\\/\\\/grainesdepaix.org\\\/en\\\/#website\"},\"datePublished\":\"2025-12-11T11:15:21+00:00\",\"dateModified\":\"2026-02-02T09:11:16+00:00\",\"description\":\"Expert associated with Graines de Paix, contributing to the quality, effectiveness and impact of the Foundation\u2019s violence prevention and education initiatives.\",\"breadcrumb\":{\"@id\":\"https:\\\/\\\/grainesdepaix.org\\\/en\\\/team-members\\\/chloe-fevre\\\/#breadcrumb\"},\"inLanguage\":\"en-US\",\"potentialAction\":[{\"@type\":\"ReadAction\",\"target\":[\"https:\\\/\\\/grainesdepaix.org\\\/en\\\/team-members\\\/chloe-fevre\\\/\"]}]},{\"@type\":\"BreadcrumbList\",\"@id\":\"https:\\\/\\\/grainesdepaix.org\\\/en\\\/team-members\\\/chloe-fevre\\\/#breadcrumb\",\"itemListElement\":[{\"@type\":\"ListItem\",\"position\":1,\"name\":\"Home\",\"item\":\"https:\\\/\\\/grainesdepaix.org\\\/en\\\/\"},{\"@type\":\"ListItem\",\"position\":2,\"name\":\"Chlo\u00eb F\u00e8vre\"}]},{\"@type\":\"WebSite\",\"@id\":\"https:\\\/\\\/grainesdepaix.org\\\/en\\\/#website\",\"url\":\"https:\\\/\\\/grainesdepaix.org\\\/en\\\/\",\"name\":\"Fondation Graines de Paix\",\"description\":\"Donner aux enfants les cl\u00e9s pour grandir\",\"publisher\":{\"@id\":\"https:\\\/\\\/grainesdepaix.org\\\/en\\\/#organization\"},\"potentialAction\":[{\"@type\":\"SearchAction\",\"target\":{\"@type\":\"EntryPoint\",\"urlTemplate\":\"https:\\\/\\\/grainesdepaix.org\\\/en\\\/?s={search_term_string}\"},\"query-input\":{\"@type\":\"PropertyValueSpecification\",\"valueRequired\":true,\"valueName\":\"search_term_string\"}}],\"inLanguage\":\"en-US\"},{\"@type\":\"Organization\",\"@id\":\"https:\\\/\\\/grainesdepaix.org\\\/en\\\/#organization\",\"name\":\"Fondation Graines de Paix\",\"url\":\"https:\\\/\\\/grainesdepaix.org\\\/en\\\/\",\"logo\":{\"@type\":\"ImageObject\",\"inLanguage\":\"en-US\",\"@id\":\"https:\\\/\\\/grainesdepaix.org\\\/en\\\/#\\\/schema\\\/logo\\\/image\\\/\",\"url\":\"https:\\\/\\\/www.grainesdepaix.org\\\/wp-content\\\/uploads\\\/2025\\\/10\\\/logo-carre-graines-de-paix.webp\",\"contentUrl\":\"https:\\\/\\\/www.grainesdepaix.org\\\/wp-content\\\/uploads\\\/2025\\\/10\\\/logo-carre-graines-de-paix.webp\",\"width\":1226,\"height\":1473,\"caption\":\"Fondation Graines de Paix\"},\"image\":{\"@id\":\"https:\\\/\\\/grainesdepaix.org\\\/en\\\/#\\\/schema\\\/logo\\\/image\\\/\"},\"sameAs\":[\"https:\\\/\\\/www.facebook.com\\\/grainesdepaix.int\\\/?locale=fr_FR\",\"https:\\\/\\\/www.youtube.com\\\/channel\\\/UCw3AKtI902UwNVdhhWjFg1w\",\"https:\\\/\\\/www.linkedin.com\\\/company\\\/grainesdepaix\\\/\",\"https:\\\/\\\/www.instagram.com\\\/grainesdepaix.international\\\/?hl=fr\"]}]}<\/script>\n<!-- \/ Yoast SEO plugin. -->","yoast_head_json":{"title":"Chlo\u00eb F\u00e8vre | Graines de Paix","description":"Expert associated with Graines de Paix, contributing to the quality, effectiveness and impact of the Foundation\u2019s violence prevention and education initiatives.","robots":{"index":"index","follow":"follow","max-snippet":"max-snippet:-1","max-image-preview":"max-image-preview:large","max-video-preview":"max-video-preview:-1"},"canonical":"https:\/\/grainesdepaix.org\/en\/team-members\/chloe-fevre\/","og_locale":"en_US","og_type":"article","og_title":"Chlo\u00eb F\u00e8vre | Graines de Paix","og_description":"Expert associated with Graines de Paix, contributing to the quality, effectiveness and impact of the Foundation\u2019s violence prevention and education initiatives.","og_url":"https:\/\/grainesdepaix.org\/en\/team-members\/chloe-fevre\/","og_site_name":"Fondation Graines de Paix","article_publisher":"https:\/\/www.facebook.com\/grainesdepaix.int\/?locale=fr_FR","article_modified_time":"2026-02-02T09:11:16+00:00","twitter_card":"summary_large_image","twitter_misc":{"Est. reading time":"1 minute"},"schema":{"@context":"https:\/\/schema.org","@graph":[{"@type":"WebPage","@id":"https:\/\/grainesdepaix.org\/en\/team-members\/chloe-fevre\/","url":"https:\/\/grainesdepaix.org\/en\/team-members\/chloe-fevre\/","name":"Chlo\u00eb F\u00e8vre | Graines de Paix","isPartOf":{"@id":"https:\/\/grainesdepaix.org\/en\/#website"},"datePublished":"2025-12-11T11:15:21+00:00","dateModified":"2026-02-02T09:11:16+00:00","description":"Expert associated with Graines de Paix, contributing to the quality, effectiveness and impact of the Foundation\u2019s violence prevention and education initiatives.","breadcrumb":{"@id":"https:\/\/grainesdepaix.org\/en\/team-members\/chloe-fevre\/#breadcrumb"},"inLanguage":"en-US","potentialAction":[{"@type":"ReadAction","target":["https:\/\/grainesdepaix.org\/en\/team-members\/chloe-fevre\/"]}]},{"@type":"BreadcrumbList","@id":"https:\/\/grainesdepaix.org\/en\/team-members\/chloe-fevre\/#breadcrumb","itemListElement":[{"@type":"ListItem","position":1,"name":"Home","item":"https:\/\/grainesdepaix.org\/en\/"},{"@type":"ListItem","position":2,"name":"Chlo\u00eb F\u00e8vre"}]},{"@type":"WebSite","@id":"https:\/\/grainesdepaix.org\/en\/#website","url":"https:\/\/grainesdepaix.org\/en\/","name":"Fondation Graines de Paix","description":"Donner aux enfants les cl\u00e9s pour grandir","publisher":{"@id":"https:\/\/grainesdepaix.org\/en\/#organization"},"potentialAction":[{"@type":"SearchAction","target":{"@type":"EntryPoint","urlTemplate":"https:\/\/grainesdepaix.org\/en\/?s={search_term_string}"},"query-input":{"@type":"PropertyValueSpecification","valueRequired":true,"valueName":"search_term_string"}}],"inLanguage":"en-US"},{"@type":"Organization","@id":"https:\/\/grainesdepaix.org\/en\/#organization","name":"Fondation Graines de Paix","url":"https:\/\/grainesdepaix.org\/en\/","logo":{"@type":"ImageObject","inLanguage":"en-US","@id":"https:\/\/grainesdepaix.org\/en\/#\/schema\/logo\/image\/","url":"https:\/\/www.grainesdepaix.org\/wp-content\/uploads\/2025\/10\/logo-carre-graines-de-paix.webp","contentUrl":"https:\/\/www.grainesdepaix.org\/wp-content\/uploads\/2025\/10\/logo-carre-graines-de-paix.webp","width":1226,"height":1473,"caption":"Fondation Graines de Paix"},"image":{"@id":"https:\/\/grainesdepaix.org\/en\/#\/schema\/logo\/image\/"},"sameAs":["https:\/\/www.facebook.com\/grainesdepaix.int\/?locale=fr_FR","https:\/\/www.youtube.com\/channel\/UCw3AKtI902UwNVdhhWjFg1w","https:\/\/www.linkedin.com\/company\/grainesdepaix\/","https:\/\/www.instagram.com\/grainesdepaix.international\/?hl=fr"]}]}},"_links":{"self":[{"href":"https:\/\/grainesdepaix.org\/en\/wp-json\/wp\/v2\/team-member\/12651","targetHints":{"allow":["GET"]}}],"collection":[{"href":"https:\/\/grainesdepaix.org\/en\/wp-json\/wp\/v2\/team-member"}],"about":[{"href":"https:\/\/grainesdepaix.org\/en\/wp-json\/wp\/v2\/types\/team-member"}],"version-history":[{"count":2,"href":"https:\/\/grainesdepaix.org\/en\/wp-json\/wp\/v2\/team-member\/12651\/revisions"}],"predecessor-version":[{"id":13031,"href":"https:\/\/grainesdepaix.org\/en\/wp-json\/wp\/v2\/team-member\/12651\/revisions\/13031"}],"wp:attachment":[{"href":"https:\/\/grainesdepaix.org\/en\/wp-json\/wp\/v2\/media?parent=12651"}],"wp:term":[{"taxonomy":"team-member-categories","embeddable":true,"href":"https:\/\/grainesdepaix.org\/en\/wp-json\/wp\/v2\/team-member-categories?post=12651"},{"taxonomy":"team-member-groups","embeddable":true,"href":"https:\/\/grainesdepaix.org\/en\/wp-json\/wp\/v2\/team-member-groups?post=12651"}],"curies":[{"name":"wp","href":"https:\/\/api.w.org\/{rel}","templated":true}]}}

Chloë Fèvre

<div class="wp-block-columns is-layout-flex wp-container-core-columns-is-layout-28f84493 wp-block-columns-is-layout-flex">
<div class="wp-block-column is-layout-flow wp-block-column-is-layout-flow" style="flex-basis:333.333px">


<p class="backlink"><strong><a href="#">Back to the advisory board</a></strong></p>
</div>



<div class="wp-block-column is-vertically-aligned-bottom is-layout-flow wp-block-column-is-layout-flow" style="flex-basis:666.666px">
<p></p>



<h1 class="wp-block-heading">Chloë Fèvre</h1>



<h2 class="wp-block-heading has-global-primary-color has-text-color has-link-color has-medium-font-size wp-elements-1a3542c196718ecf5a123b50c85c2b0e"><strong>Member of the Expert Advisory Board</strong></h2>



<p>Dr. Chloë Fèvre is an international violence prevention specialist and advisor to governments and partner organizations.<br>As former Director of the global Safe to Learn initiative, she led a coalition of 14 institutions committed to integrating violence prevention into education systems. </p>



<p>For over 20 years, she has worked on children&#8217;s rights, security and education across multilateral development banks (World Bank, Inter-American Development Bank), UN agencies, NGOs and research centers, with a consistent focus on integrating violence prevention strategies into public policies and education programs.</p>



<p>She holds a PhD in development policy from University College London (UCL), UK.</p>
</div>
</div>



<p></p>

<p>Chloë Fèvre Member of the Expert Advisory Board Dr. Chloë Fèvre is an international violence prevention specialist and advisor to [&hellip;]</p>

<!-- This site is optimized with the Yoast SEO plugin v27.4 - https://yoast.com/product/yoast-seo-wordpress/ -->
<title>Chloë Fèvre | Graines de Paix</title>
<meta name="description" content="Expert associated with Graines de Paix, contributing to the quality, effectiveness and impact of the Foundation’s violence prevention and education initiatives." />
<meta name="robots" content="index, follow, max-snippet:-1, max-image-preview:large, max-video-preview:-1" />
<link rel="canonical" href="https://grainesdepaix.org/en/team-members/chloe-fevre/" />
<meta property="og:locale" content="en_US" />
<meta property="og:type" content="article" />
<meta property="og:title" content="Chloë Fèvre | Graines de Paix" />
<meta property="og:description" content="Expert associated with Graines de Paix, contributing to the quality, effectiveness and impact of the Foundation’s violence prevention and education initiatives." />
<meta property="og:url" content="https://grainesdepaix.org/en/team-members/chloe-fevre/" />
<meta property="og:site_name" content="Fondation Graines de Paix" />
<meta property="article:publisher" content="https://www.facebook.com/grainesdepaix.int/?locale=fr_FR" />
<meta property="article:modified_time" content="2026-02-02T09:11:16+00:00" />
<meta name="twitter:card" content="summary_large_image" />
<meta name="twitter:label1" content="Est. reading time" />
	<meta name="twitter:data1" content="1 minute" />
<script type="application/ld+json" class="yoast-schema-graph">{"@context":"https:\/\/schema.org","@graph":[{"@type":"WebPage","@id":"https:\/\/grainesdepaix.org\/en\/team-members\/chloe-fevre\/","url":"https:\/\/grainesdepaix.org\/en\/team-members\/chloe-fevre\/","name":"Chloë Fèvre | Graines de Paix","isPartOf":{"@id":"https:\/\/grainesdepaix.org\/en\/#website"},"datePublished":"2025-12-11T11:15:21+00:00","dateModified":"2026-02-02T09:11:16+00:00","description":"Expert associated with Graines de Paix, contributing to the quality, effectiveness and impact of the Foundation’s violence prevention and education initiatives.","breadcrumb":{"@id":"https:\/\/grainesdepaix.org\/en\/team-members\/chloe-fevre\/#breadcrumb"},"inLanguage":"en-US","potentialAction":[{"@type":"ReadAction","target":["https:\/\/grainesdepaix.org\/en\/team-members\/chloe-fevre\/"]}]},{"@type":"BreadcrumbList","@id":"https:\/\/grainesdepaix.org\/en\/team-members\/chloe-fevre\/#breadcrumb","itemListElement":[{"@type":"ListItem","position":1,"name":"Home","item":"https:\/\/grainesdepaix.org\/en\/"},{"@type":"ListItem","position":2,"name":"Chloë Fèvre"}]},{"@type":"WebSite","@id":"https:\/\/grainesdepaix.org\/en\/#website","url":"https:\/\/grainesdepaix.org\/en\/","name":"Fondation Graines de Paix","description":"Donner aux enfants les clés pour grandir","publisher":{"@id":"https:\/\/grainesdepaix.org\/en\/#organization"},"potentialAction":[{"@type":"SearchAction","target":{"@type":"EntryPoint","urlTemplate":"https:\/\/grainesdepaix.org\/en\/?s={search_term_string}"},"query-input":{"@type":"PropertyValueSpecification","valueRequired":true,"valueName":"search_term_string"}}],"inLanguage":"en-US"},{"@type":"Organization","@id":"https:\/\/grainesdepaix.org\/en\/#organization","name":"Fondation Graines de Paix","url":"https:\/\/grainesdepaix.org\/en\/","logo":{"@type":"ImageObject","inLanguage":"en-US","@id":"https:\/\/grainesdepaix.org\/en\/#\/schema\/logo\/image\/","url":"https:\/\/www.grainesdepaix.org\/wp-content\/uploads\/2025\/10\/logo-carre-graines-de-paix.webp","contentUrl":"https:\/\/www.grainesdepaix.org\/wp-content\/uploads\/2025\/10\/logo-carre-graines-de-paix.webp","width":1226,"height":1473,"caption":"Fondation Graines de Paix"},"image":{"@id":"https:\/\/grainesdepaix.org\/en\/#\/schema\/logo\/image\/"},"sameAs":["https:\/\/www.facebook.com\/grainesdepaix.int\/?locale=fr_FR","https:\/\/www.youtube.com\/channel\/UCw3AKtI902UwNVdhhWjFg1w","https:\/\/www.linkedin.com\/company\/grainesdepaix\/","https:\/\/www.instagram.com\/grainesdepaix.international\/?hl=fr"]}]}</script>
<!-- / Yoast SEO plugin. -->

Chloë Fèvre | Graines de Paix

Donner aux enfants les clés pour grandir
