{"id":626,"date":"2025-06-07T18:22:40","date_gmt":"2025-06-07T16:22:40","guid":{"rendered":"https:\/\/www.grainesdepaix.org\/?post_type=talking-about-us&#038;p=626"},"modified":"2025-06-07T18:22:41","modified_gmt":"2025-06-07T16:22:41","slug":"quand-la-paix-passe-par-leducation-dans-le-journal-le-matin","status":"publish","type":"talking-about-us","link":"https:\/\/grainesdepaix.org\/en\/talking-about-us\/quand-la-paix-passe-par-leducation-dans-le-journal-le-matin\/","title":{"rendered":"Quand la paix passe par l&#8217;\u00e9ducation, dans le journal \u00ab Le Matin \u00bb"},"content":{"rendered":"\n<p>La fondation suisse Graines de Paix, b\u00e9n\u00e9ficiant du soutien de la Loterie Romande, s&#8217;est engag\u00e9 \u00e0 former des enseignants dans le but de lib\u00e9rer le potentiel de leurs \u00e9l\u00e8ves tout en contribuant \u00e0 la pr\u00e9vention de la violence.<\/p>\n","protected":false},"template":"","category-talking-about-us":[],"class_list":["post-626","talking-about-us","type-talking-about-us","status-publish","hentry"],"acf":[],"yoast_head":"<!-- This site is optimized with the Yoast SEO plugin v27.4 - https:\/\/yoast.com\/product\/yoast-seo-wordpress\/ -->\n<title>Quand la paix passe par l&#039;\u00e9ducation, dans le journal \u00ab Le Matin \u00bb - Fondation Graines de Paix<\/title>\n<meta name=\"robots\" content=\"index, follow, max-snippet:-1, max-image-preview:large, max-video-preview:-1\" \/>\n<link rel=\"canonical\" href=\"https:\/\/grainesdepaix.org\/en\/talking-about-us\/quand-la-paix-passe-par-leducation-dans-le-journal-le-matin\/\" \/>\n<meta property=\"og:locale\" content=\"en_US\" \/>\n<meta property=\"og:type\" content=\"article\" \/>\n<meta property=\"og:title\" content=\"Quand la paix passe par l&#039;\u00e9ducation, dans le journal \u00ab Le Matin \u00bb - Fondation Graines de Paix\" \/>\n<meta property=\"og:description\" content=\"La fondation suisse Graines de Paix, b\u00e9n\u00e9ficiant du soutien de la Loterie Romande, s&#8217;est engag\u00e9 \u00e0 former des enseignants dans [&hellip;]\" \/>\n<meta property=\"og:url\" content=\"https:\/\/grainesdepaix.org\/en\/talking-about-us\/quand-la-paix-passe-par-leducation-dans-le-journal-le-matin\/\" \/>\n<meta property=\"og:site_name\" content=\"Fondation Graines de Paix\" \/>\n<meta property=\"article:publisher\" content=\"https:\/\/www.facebook.com\/grainesdepaix.int\/?locale=fr_FR\" \/>\n<meta property=\"article:modified_time\" content=\"2025-06-07T16:22:41+00:00\" \/>\n<meta name=\"twitter:card\" content=\"summary_large_image\" \/>\n<script type=\"application\/ld+json\" class=\"yoast-schema-graph\">{\"@context\":\"https:\\\/\\\/schema.org\",\"@graph\":[{\"@type\":\"WebPage\",\"@id\":\"https:\\\/\\\/grainesdepaix.org\\\/en\\\/talking-about-us\\\/quand-la-paix-passe-par-leducation-dans-le-journal-le-matin\\\/\",\"url\":\"https:\\\/\\\/grainesdepaix.org\\\/en\\\/talking-about-us\\\/quand-la-paix-passe-par-leducation-dans-le-journal-le-matin\\\/\",\"name\":\"Quand la paix passe par l'\u00e9ducation, dans le journal \u00ab Le Matin \u00bb - Fondation Graines de Paix\",\"isPartOf\":{\"@id\":\"https:\\\/\\\/grainesdepaix.org\\\/en\\\/#website\"},\"datePublished\":\"2025-06-07T16:22:40+00:00\",\"dateModified\":\"2025-06-07T16:22:41+00:00\",\"breadcrumb\":{\"@id\":\"https:\\\/\\\/grainesdepaix.org\\\/en\\\/talking-about-us\\\/quand-la-paix-passe-par-leducation-dans-le-journal-le-matin\\\/#breadcrumb\"},\"inLanguage\":\"en-US\",\"potentialAction\":[{\"@type\":\"ReadAction\",\"target\":[\"https:\\\/\\\/grainesdepaix.org\\\/en\\\/talking-about-us\\\/quand-la-paix-passe-par-leducation-dans-le-journal-le-matin\\\/\"]}]},{\"@type\":\"BreadcrumbList\",\"@id\":\"https:\\\/\\\/grainesdepaix.org\\\/en\\\/talking-about-us\\\/quand-la-paix-passe-par-leducation-dans-le-journal-le-matin\\\/#breadcrumb\",\"itemListElement\":[{\"@type\":\"ListItem\",\"position\":1,\"name\":\"Home\",\"item\":\"https:\\\/\\\/grainesdepaix.org\\\/en\\\/\"},{\"@type\":\"ListItem\",\"position\":2,\"name\":\"Talking About Us Entries\",\"item\":\"https:\\\/\\\/grainesdepaix.org\\\/en\\\/talking-about-us\\\/\"},{\"@type\":\"ListItem\",\"position\":3,\"name\":\"Quand la paix passe par l&rsquo;\u00e9ducation, dans le journal \u00ab Le Matin \u00bb\"}]},{\"@type\":\"WebSite\",\"@id\":\"https:\\\/\\\/grainesdepaix.org\\\/en\\\/#website\",\"url\":\"https:\\\/\\\/grainesdepaix.org\\\/en\\\/\",\"name\":\"Fondation Graines de Paix\",\"description\":\"Donner aux enfants les cl\u00e9s pour grandir\",\"publisher\":{\"@id\":\"https:\\\/\\\/grainesdepaix.org\\\/en\\\/#organization\"},\"potentialAction\":[{\"@type\":\"SearchAction\",\"target\":{\"@type\":\"EntryPoint\",\"urlTemplate\":\"https:\\\/\\\/grainesdepaix.org\\\/en\\\/?s={search_term_string}\"},\"query-input\":{\"@type\":\"PropertyValueSpecification\",\"valueRequired\":true,\"valueName\":\"search_term_string\"}}],\"inLanguage\":\"en-US\"},{\"@type\":\"Organization\",\"@id\":\"https:\\\/\\\/grainesdepaix.org\\\/en\\\/#organization\",\"name\":\"Fondation Graines de Paix\",\"url\":\"https:\\\/\\\/grainesdepaix.org\\\/en\\\/\",\"logo\":{\"@type\":\"ImageObject\",\"inLanguage\":\"en-US\",\"@id\":\"https:\\\/\\\/grainesdepaix.org\\\/en\\\/#\\\/schema\\\/logo\\\/image\\\/\",\"url\":\"https:\\\/\\\/www.grainesdepaix.org\\\/wp-content\\\/uploads\\\/2025\\\/10\\\/logo-carre-graines-de-paix.webp\",\"contentUrl\":\"https:\\\/\\\/www.grainesdepaix.org\\\/wp-content\\\/uploads\\\/2025\\\/10\\\/logo-carre-graines-de-paix.webp\",\"width\":1226,\"height\":1473,\"caption\":\"Fondation Graines de Paix\"},\"image\":{\"@id\":\"https:\\\/\\\/grainesdepaix.org\\\/en\\\/#\\\/schema\\\/logo\\\/image\\\/\"},\"sameAs\":[\"https:\\\/\\\/www.facebook.com\\\/grainesdepaix.int\\\/?locale=fr_FR\",\"https:\\\/\\\/www.youtube.com\\\/channel\\\/UCw3AKtI902UwNVdhhWjFg1w\",\"https:\\\/\\\/www.linkedin.com\\\/company\\\/grainesdepaix\\\/\",\"https:\\\/\\\/www.instagram.com\\\/grainesdepaix.international\\\/?hl=fr\"]}]}<\/script>\n<!-- \/ Yoast SEO plugin. -->","yoast_head_json":{"title":"Quand la paix passe par l'\u00e9ducation, dans le journal \u00ab Le Matin \u00bb - Fondation Graines de Paix","robots":{"index":"index","follow":"follow","max-snippet":"max-snippet:-1","max-image-preview":"max-image-preview:large","max-video-preview":"max-video-preview:-1"},"canonical":"https:\/\/grainesdepaix.org\/en\/talking-about-us\/quand-la-paix-passe-par-leducation-dans-le-journal-le-matin\/","og_locale":"en_US","og_type":"article","og_title":"Quand la paix passe par l'\u00e9ducation, dans le journal \u00ab Le Matin \u00bb - Fondation Graines de Paix","og_description":"La fondation suisse Graines de Paix, b\u00e9n\u00e9ficiant du soutien de la Loterie Romande, s&#8217;est engag\u00e9 \u00e0 former des enseignants dans [&hellip;]","og_url":"https:\/\/grainesdepaix.org\/en\/talking-about-us\/quand-la-paix-passe-par-leducation-dans-le-journal-le-matin\/","og_site_name":"Fondation Graines de Paix","article_publisher":"https:\/\/www.facebook.com\/grainesdepaix.int\/?locale=fr_FR","article_modified_time":"2025-06-07T16:22:41+00:00","twitter_card":"summary_large_image","schema":{"@context":"https:\/\/schema.org","@graph":[{"@type":"WebPage","@id":"https:\/\/grainesdepaix.org\/en\/talking-about-us\/quand-la-paix-passe-par-leducation-dans-le-journal-le-matin\/","url":"https:\/\/grainesdepaix.org\/en\/talking-about-us\/quand-la-paix-passe-par-leducation-dans-le-journal-le-matin\/","name":"Quand la paix passe par l'\u00e9ducation, dans le journal \u00ab Le Matin \u00bb - Fondation Graines de Paix","isPartOf":{"@id":"https:\/\/grainesdepaix.org\/en\/#website"},"datePublished":"2025-06-07T16:22:40+00:00","dateModified":"2025-06-07T16:22:41+00:00","breadcrumb":{"@id":"https:\/\/grainesdepaix.org\/en\/talking-about-us\/quand-la-paix-passe-par-leducation-dans-le-journal-le-matin\/#breadcrumb"},"inLanguage":"en-US","potentialAction":[{"@type":"ReadAction","target":["https:\/\/grainesdepaix.org\/en\/talking-about-us\/quand-la-paix-passe-par-leducation-dans-le-journal-le-matin\/"]}]},{"@type":"BreadcrumbList","@id":"https:\/\/grainesdepaix.org\/en\/talking-about-us\/quand-la-paix-passe-par-leducation-dans-le-journal-le-matin\/#breadcrumb","itemListElement":[{"@type":"ListItem","position":1,"name":"Home","item":"https:\/\/grainesdepaix.org\/en\/"},{"@type":"ListItem","position":2,"name":"Talking About Us Entries","item":"https:\/\/grainesdepaix.org\/en\/talking-about-us\/"},{"@type":"ListItem","position":3,"name":"Quand la paix passe par l&rsquo;\u00e9ducation, dans le journal \u00ab Le Matin \u00bb"}]},{"@type":"WebSite","@id":"https:\/\/grainesdepaix.org\/en\/#website","url":"https:\/\/grainesdepaix.org\/en\/","name":"Fondation Graines de Paix","description":"Donner aux enfants les cl\u00e9s pour grandir","publisher":{"@id":"https:\/\/grainesdepaix.org\/en\/#organization"},"potentialAction":[{"@type":"SearchAction","target":{"@type":"EntryPoint","urlTemplate":"https:\/\/grainesdepaix.org\/en\/?s={search_term_string}"},"query-input":{"@type":"PropertyValueSpecification","valueRequired":true,"valueName":"search_term_string"}}],"inLanguage":"en-US"},{"@type":"Organization","@id":"https:\/\/grainesdepaix.org\/en\/#organization","name":"Fondation Graines de Paix","url":"https:\/\/grainesdepaix.org\/en\/","logo":{"@type":"ImageObject","inLanguage":"en-US","@id":"https:\/\/grainesdepaix.org\/en\/#\/schema\/logo\/image\/","url":"https:\/\/www.grainesdepaix.org\/wp-content\/uploads\/2025\/10\/logo-carre-graines-de-paix.webp","contentUrl":"https:\/\/www.grainesdepaix.org\/wp-content\/uploads\/2025\/10\/logo-carre-graines-de-paix.webp","width":1226,"height":1473,"caption":"Fondation Graines de Paix"},"image":{"@id":"https:\/\/grainesdepaix.org\/en\/#\/schema\/logo\/image\/"},"sameAs":["https:\/\/www.facebook.com\/grainesdepaix.int\/?locale=fr_FR","https:\/\/www.youtube.com\/channel\/UCw3AKtI902UwNVdhhWjFg1w","https:\/\/www.linkedin.com\/company\/grainesdepaix\/","https:\/\/www.instagram.com\/grainesdepaix.international\/?hl=fr"]}]}},"_links":{"self":[{"href":"https:\/\/grainesdepaix.org\/en\/wp-json\/wp\/v2\/talking-about-us\/626","targetHints":{"allow":["GET"]}}],"collection":[{"href":"https:\/\/grainesdepaix.org\/en\/wp-json\/wp\/v2\/talking-about-us"}],"about":[{"href":"https:\/\/grainesdepaix.org\/en\/wp-json\/wp\/v2\/types\/talking-about-us"}],"version-history":[{"count":0,"href":"https:\/\/grainesdepaix.org\/en\/wp-json\/wp\/v2\/talking-about-us\/626\/revisions"}],"wp:attachment":[{"href":"https:\/\/grainesdepaix.org\/en\/wp-json\/wp\/v2\/media?parent=626"}],"wp:term":[{"taxonomy":"category-talking-about-us","embeddable":true,"href":"https:\/\/grainesdepaix.org\/en\/wp-json\/wp\/v2\/category-talking-about-us?post=626"}],"curies":[{"name":"wp","href":"https:\/\/api.w.org\/{rel}","templated":true}]}}

Quand la paix passe par l&#8217;éducation, dans le journal « Le Matin »

<p>La fondation suisse Graines de Paix, bénéficiant du soutien de la Loterie Romande, s&#8217;est engagé à former des enseignants dans le but de libérer le potentiel de leurs élèves tout en contribuant à la prévention de la violence.</p>

<!-- This site is optimized with the Yoast SEO plugin v27.4 - https://yoast.com/product/yoast-seo-wordpress/ -->
<title>Quand la paix passe par l&#039;éducation, dans le journal « Le Matin » - Fondation Graines de Paix</title>
<meta name="robots" content="index, follow, max-snippet:-1, max-image-preview:large, max-video-preview:-1" />
<link rel="canonical" href="https://grainesdepaix.org/en/talking-about-us/quand-la-paix-passe-par-leducation-dans-le-journal-le-matin/" />
<meta property="og:locale" content="en_US" />
<meta property="og:type" content="article" />
<meta property="og:title" content="Quand la paix passe par l&#039;éducation, dans le journal « Le Matin » - Fondation Graines de Paix" />
<meta property="og:description" content="La fondation suisse Graines de Paix, bénéficiant du soutien de la Loterie Romande, s&#8217;est engagé à former des enseignants dans [&hellip;]" />
<meta property="og:url" content="https://grainesdepaix.org/en/talking-about-us/quand-la-paix-passe-par-leducation-dans-le-journal-le-matin/" />
<meta property="og:site_name" content="Fondation Graines de Paix" />
<meta property="article:publisher" content="https://www.facebook.com/grainesdepaix.int/?locale=fr_FR" />
<meta property="article:modified_time" content="2025-06-07T16:22:41+00:00" />
<meta name="twitter:card" content="summary_large_image" />
<script type="application/ld+json" class="yoast-schema-graph">{"@context":"https:\/\/schema.org","@graph":[{"@type":"WebPage","@id":"https:\/\/grainesdepaix.org\/en\/talking-about-us\/quand-la-paix-passe-par-leducation-dans-le-journal-le-matin\/","url":"https:\/\/grainesdepaix.org\/en\/talking-about-us\/quand-la-paix-passe-par-leducation-dans-le-journal-le-matin\/","name":"Quand la paix passe par l'éducation, dans le journal « Le Matin » - Fondation Graines de Paix","isPartOf":{"@id":"https:\/\/grainesdepaix.org\/en\/#website"},"datePublished":"2025-06-07T16:22:40+00:00","dateModified":"2025-06-07T16:22:41+00:00","breadcrumb":{"@id":"https:\/\/grainesdepaix.org\/en\/talking-about-us\/quand-la-paix-passe-par-leducation-dans-le-journal-le-matin\/#breadcrumb"},"inLanguage":"en-US","potentialAction":[{"@type":"ReadAction","target":["https:\/\/grainesdepaix.org\/en\/talking-about-us\/quand-la-paix-passe-par-leducation-dans-le-journal-le-matin\/"]}]},{"@type":"BreadcrumbList","@id":"https:\/\/grainesdepaix.org\/en\/talking-about-us\/quand-la-paix-passe-par-leducation-dans-le-journal-le-matin\/#breadcrumb","itemListElement":[{"@type":"ListItem","position":1,"name":"Home","item":"https:\/\/grainesdepaix.org\/en\/"},{"@type":"ListItem","position":2,"name":"Talking About Us Entries","item":"https:\/\/grainesdepaix.org\/en\/talking-about-us\/"},{"@type":"ListItem","position":3,"name":"Quand la paix passe par l&rsquo;éducation, dans le journal « Le Matin »"}]},{"@type":"WebSite","@id":"https:\/\/grainesdepaix.org\/en\/#website","url":"https:\/\/grainesdepaix.org\/en\/","name":"Fondation Graines de Paix","description":"Donner aux enfants les clés pour grandir","publisher":{"@id":"https:\/\/grainesdepaix.org\/en\/#organization"},"potentialAction":[{"@type":"SearchAction","target":{"@type":"EntryPoint","urlTemplate":"https:\/\/grainesdepaix.org\/en\/?s={search_term_string}"},"query-input":{"@type":"PropertyValueSpecification","valueRequired":true,"valueName":"search_term_string"}}],"inLanguage":"en-US"},{"@type":"Organization","@id":"https:\/\/grainesdepaix.org\/en\/#organization","name":"Fondation Graines de Paix","url":"https:\/\/grainesdepaix.org\/en\/","logo":{"@type":"ImageObject","inLanguage":"en-US","@id":"https:\/\/grainesdepaix.org\/en\/#\/schema\/logo\/image\/","url":"https:\/\/www.grainesdepaix.org\/wp-content\/uploads\/2025\/10\/logo-carre-graines-de-paix.webp","contentUrl":"https:\/\/www.grainesdepaix.org\/wp-content\/uploads\/2025\/10\/logo-carre-graines-de-paix.webp","width":1226,"height":1473,"caption":"Fondation Graines de Paix"},"image":{"@id":"https:\/\/grainesdepaix.org\/en\/#\/schema\/logo\/image\/"},"sameAs":["https:\/\/www.facebook.com\/grainesdepaix.int\/?locale=fr_FR","https:\/\/www.youtube.com\/channel\/UCw3AKtI902UwNVdhhWjFg1w","https:\/\/www.linkedin.com\/company\/grainesdepaix\/","https:\/\/www.instagram.com\/grainesdepaix.international\/?hl=fr"]}]}</script>
<!-- / Yoast SEO plugin. -->

Quand la paix passe par l'éducation, dans le journal « Le Matin » - Fondation Graines de Paix

La fondation suisse Graines de Paix, bénéficiant du soutien de la Loterie Romande, s&#8217;est engagé à former des enseignants dans [&hellip;]

Quand la paix passe par l&rsquo;éducation, dans le journal « Le Matin »

Donner aux enfants les clés pour grandir
